ue of 7 + (-16 - ((-10 - -11) + -14)) - (27 - 1)?
-22
What is the value of (161 - 112 - 12) + -17 + 1?
21
What is (5 + 6 - -2) + (7 + 11 - -23)?
54
Evaluate -63 + (24 - (-20 + 27 + -8 - -23)).
-61
-99 + -7 + (11 - (0 + (-6 - -6)))
-95
Calculate -14 - (-2 - -1) - (3181 - 3252).
58
Evaluate 3 + (-1 - 16) + 56 - (8 + (8 - 13)).
39
-1 + 2 + 6 + -564 + 571 + (-10 - -93)
97
What is the value of -25 + 2 - (75 + (75 - 95))?
-78
-2 + 19 + (-13 - -6) + -34
-24
Calculate -2 - (5 - (1 + (-6 - (-3 - 9)) + -2)).
-2
What is -17 - -10 - (10 - -10) - -14?
-13
-13 + -16 + (23 - -7 - 2) + (1 - -28)
28
Calculate -2 - (2 + -5) - ((16 - (94 + -28)) + 9).
42
153 + 44 + -228 + (-69 - 1)
-101
What is 0 + -112 - (-10 - (-15 - (-15 + 18)) - 15)?
-105
What is 4 + (-5 - -38) + 2 + (-142 - -139)?
36
-33 + (129 - (36 - -25))
35
Calculate 134 - (-167 + (378 - -24)).
-101
What is 64 - ((11 - (24 - 11)) + 43)?
23
What is -46 + -16 + 40 + -18 + 20?
-20
Calculate 9 - 10 - (-11 + 8 + 7) - -28.
23
Evaluate -19 - (-21 + 1 + (276 - 274) - 66).
65
Calculate -54 + 85 + -2 + -21.
8
-98 + 66 + (-10 - (-31 + 19) - (1 + -12))
-19
-2 + 5 - (3 + (-41 - -19) + 10)
12
What is the value of 65 + (-78 - (-71 - -52))?
6
What is the value of 15 + (2 - 7) + 2 - (-50 + 91)?
-29
Evaluate -22 - ((21 - 1) + -13 - 0).
-29
Calculate 0 + 3 + (-82 + (-28 - -18) - -61).
-28
Calculate -2 - (15 - 2) - (27 + -116 + 12).
62
What is the value of 18 - 3 - (-5 + (-9 - -6 - (-1 - -4)))?
26
What is the value of -62 + (-26 - -45) + (2 - (-4 + 2))?
-39
What is the value of (-16 - -8 - (3 - 7) - -4) + -43?
-43
What is the value of -34 + 6 + (70 + -36 - 20)?
-14
Calculate 12 - 13 - 8 - (-1 - (-76 - (-27 + 11))).
-68
Evaluate (-29 - 4 - -11) + -3 + 21.
-4
Evaluate (-9 - -3) + 23 - (-54 + 33 - -12).
26
Calculate (-15 - (17 + (8 - 32) + (-5 - -2))) + -20.
-25
What is the value of -20 + (11 + -3 - 4) + -54 + 57?
-13
What is (3 - -28) + (44 - 101) + -56?
-82
What is the value of (40 - (378 - 364)) + (-64 - -1)?
-37
Evaluate -35 - (14 + 9) - -28.
-30
Calculate -110 + 31 - (-12 + (-4 - -8)).
-71
22 - (-45 + 35) - 20
12
-19 + 25 + 67 + -24 + -8
41
-894 + 959 - (6 + 0 + 6 + -4)
57
Calculate (12 - 19) + 2 + 13 + -27 + 7.
-12
What is (-133 - -74) + (-3 - -25)?
-37
What is -1 + -3 - (-5 + -2 - (95 + -16 - 40))?
42
Calculate (-21 - -22) + (13 - 22 - (-2 + 0)) - -72.
66
-54 + 12 + -10 - -15 - (6 - (11 + -6))
-38
Calculate (-94 - 2) + (-9 + 7 + 6 - (0 + 2)).
-94
Calculate 6 + (6 - 17) + -31 + (307 - 291).
-20
Calculate -25 + (112 + -125 - (-14 + -2)).
-22
What is the value of 10 - (-34 + 2) - 71?
-29
(-4 - 9) + (17 - 25)
-21
What is -88 + 32 + -10 + -31?
-97
Evaluate 21484 + -21487 + (0 - 2 - 0 - (-78 - -5)).
68
Calculate -29 - (-12 - 0 - (389 + -368)).
4
-84 + (-5 - -3) + -46 + 19 + 13
-100
Evaluate (14 - (-1 - -3)) + (62 - (19 + 74)).
-19
Calculate -13 + 11 + 14 + (-26 - 8).
-22
-1 + 24 + -506 + 442
-41
4 + (-8 - -16 - (6 + -32 + 11))
27
(-48 - -85 - 26) + -69
-58
Calculate (0 - (7 - 2)) + 163 + (-162 - -16).
12
(47 - 84) + 55 - 23
-5
Evaluate (-5 - -2) + 1682 + -1683.
-4
Evaluate 1 - 97 - (-7497 - -7387).
14
What is (-6 + 4 - 4) + (-3 + 22 - 24 - 54)?
-65
What is the value of -195 - ((14 - 23) + -93)?
-93
What is the value of 1271 + -1269 + 3 + 0 + -1 + 4 + -4?
4
Evaluate -61 + 1 - (1606 + -1658).
-8
12 + 0 + ((47 - 63) + -57 - (0 + -1))
-60
What is -20 + (-3 - 21 - -67)?
23
Calculate 161 - 174 - (4 + -10 + 5).
-12
What is the value of 28 + (14 + 2 - (21 + -17))?
40
Calculate (11 + (-14 - -7) - (-5 + -6) - 9) + 3.
9
47 + -42 + (-1 - (3 + 43 - 4) - -7)
-31
What is -32 - (44 + -4 + -99)?
27
Evaluate -1 + 18 + -1 - (3693 - 3657).
-20
Calculate -53 + 1 + -50 + 62 + (9 - 19).
-50
Evaluate (50 + -1 - (10577 + -10591)) + -1 + 16 + -2.
76
What is -89 - ((-5 - (-14 + 26)) + -9)?
-63
What is -267 + 281 + (-4 - -7) + -29?
-12
Evaluate 5 - (6 + -6 + -23 + 3) - 14.
11
Evaluate (-26 + 73 - -58) + -9 + (0 - 1) + -4.
91
What is the value of -992 + 993 + -1 + 2 + -8 + 3 + 1?
-2
Calculate 34 + (-26 + -5 - -7) + -43 + -2.
-35
What is -86 - 47 - -135 - ((3 - -87) + 1)?
-89
Evaluate 7 + -2 + -2 + 5 + -243 + 216.
-19
(0 - -16) + (60 - (149 + 4))
-77
Evaluate -21 + -9 + (-4 - (-1 + -9)) + (-12 - -24).
-12
Evaluate 0 - 75 - (-376 + 345).
-44
What is the value of -3 + 63 - ((-34 - (10 + -15 + -7)) + 20)?
62
-14 + (88 + 94 - 101)
67
Calculate 39 - (212 - (169 + -95)).
-99
Calculate (-141 - -141) + (-44 + 47 - (48 - 1)).
-44
Calculate (83 - 73) + (33 - (-2 + -3) - 6).
42
Calculate (1 - 30) + 3193 + -3186 + 31.
9
What is the value of 7 - (32 + -20 + 10) - -14?
-1
30 + -91 + 7 + -4 + (13 - 4) + 2
-47
What is 49 + (-60 - (51 - 130))?
68
Calculate 300 - 251 - (8 - 11 - (-1 - 2)).
49
Calculate 0 + (8 - (15 - -5)) - (-3 - -2).
-11
What is -13 - 49 - (-34 + -14)?
-14
Calculate 1 - (-538 + 541 - (-3 - 0 - (1 + -43))).
37
What is 152 + -90 + (3 - 36)?
29
What is (32 - 22 - 16) + 19 + 33?
46
What is (1 - (-42 + 1)) + 94 + -86 - (-29 + 30)?
49
Evaluate 3 + 8 - 17 - (2 - 4) - (65 - 41).
-28
-92 - (-52 - -8) - -28
-20
Calculate 5 + (-7 - -14) - (-107 - -87).
32
-1 + -14 + 16 + -22 + 24
3
-1 + 12 + 16 - 23 - -46
50
20 + -18 + (0 - (4 + -1)) - -32
31
Evaluate (-5 - -1) + (4 - 8 - (-26 + (19 - -92))).
-93
What is the value of (9 - 66) + -33 + 52 + (20 - 21)?
-39
Calculate -12 + -1 - (-90 - -77 - (31 - 7)).
24
Evaluate -20 + 21 + 8 + -9 + -30.
-30
(54 - (20 + 24)) + -63
-53
Evaluate 37 - (-8 + -7) - 150.
-98
What is -29 + (-27 - (-17 + -53))?
14
0 - -3 - 5 - (-1 - (11 - (7 - 7)))
10
What is (-54 - (52 - 79)) + 18?
-9
-55 - -132 - (60 + 7)
10
Calculate -7 + (-11 - (9 + 1)) + (-2 - -104).
74
5 + -1 + -14 + -43 + (13 - 1)
-41
-29 - (18 + -24 + 12)
-35
Calculate 2 + -1 + -3 + -10 + 12 + -89 + 72.
-17
What is the value of 4 + 1 - 23 - (-25 + 10)?
-3
(-55 + (25 - 0) - -3) + 49
22
Evaluate 67 - (1 + (0 - -2 - (-18 - -15))) - 8.
53
What is (12 - -2) + (235 - 232)?
17
What is the value of -2 - (-1 + -2 - -4) - (-367 + 379)?
-15
What is 1 + 77 - (2 + 29)?
47
What is the value of 23 + (1 + -13 - (420 + -427))?
18
What is the value of (-4 + 16 - 4 - 1) + -84 + 76?
-1
What is (1 - (-2 + 11) - (846 + -854)) + 0 + 9?
9
What is -41 - (-2 + 2) - (-1 + (1 + 5 - -2))?
-48
73 + 28 + (-55 - 16)
30
What is 3 + -43 + 1 + 5 + -6 + (2061 - 2060)?
-39
Evaluate -29 + 24 + 20 + -69 - -10.
-44
What is -40 + 70 + (-67 - -16)?
-21
Calculate -4 + (1 + (0 - -1) - (83 + -79)) + -44.
-50
What is -5 - 36 - (-1464 + 1530)?
-107
Evaluate (-28 - (3 - 18)) + 2 + 100.
89
Calculate 16 + -5 + (-20 - (4 + -14)) + -52.
-51
What is the value of -3 + 8 + 8 + (-130 - -142 - (0 - 3))?
28
What is the value of -13 - ((-18 - 1) + 24 - 65)?
47
Evaluate -14 + (10 - 6 - (-55 - -26 - -25)) + 47.
41
Evaluate 156 + 26 + -7 + -83.
92
Calculate 15 - 4 - (-694 + 710).
-5
Calculate (2 + -3 - -88) + 105 + -91 + (-4 - 13).
84
Calculate 6 - 0 - (19 + 97 + -117).
7
What is the value of -89 + -72 + 66 + 194?
99
(-3 - 10 - -1) + (0 - 8) - -3
-17
Calculate (-106 - -66) + 88 + -3 + 1.
46
Evaluate 16 - (-26 - (-41 + 37 + -18)).
20
What is the value of 20 - 9 - 68 - (14 + -33)?
-38
What is the value of -26 + (-9 - -57) - 19?
3
Evaluate 19 + 9 + (6 - 2) + (-7 - -4) + -6.
23
Calculate 13 + -16 + 71 + (0 - (-21 - -21)).
68
What is the value of -12 + 96 + (-27 - (23 + -32))?
66
Evaluate -11 + -5 + 6 + 309 + -308.
-9
What is the value of -171 + 20 + 31 - (21 - (11 + -14))?
-144
What is the value of -88 + 93 - (0 + (-8 - -4) + -33)?
42
Evaluate 7 - (2 + -4 + 126 + 3 + 53 + -62).
-111
What is (-5 + 31 - (2 + 3)) + 371 + -395?
-3
What is -46 - (37 - (25 - -61))?
3
What is 11 + 87 + 4 + (-22 - -14 - -7)?
101
What is -1 + 0 + -12 - (-17 - -20 - 26 - -53)?
-43
What is (-1 - 0) + -9 + -35 + (197 - 167) - -125?
110
What is the value of 12 - (38 - 19 - 66) - 18?
41
What is 67 - 37 - (-5 + 2 + (11 - 3))?
25
What is the value of 8 + (67 - (-2 - (-3 - 0)) - (-226 + 237))?
63
Evaluate 65 + -56 + -13 + 1 + -44 + -19.
-66
Calculate 199 + (-9 - (95 - 5)).
100
56 + -49 - (-1 + 6) - (1 - 7) - -34
42
What is -17 - (-11 + (45 - 28)) - -52?
29
Calculate -1 + 111 + 6 - 57.
59
Evaluate (-1 - 27) + (-26 + 58 + 8 - 21 - 26).
-35
(3 - -46) + -84 + -51
-86
What is (-85 - (34 - 61)) + 2?
-56
What is the value of (10 - 1) + (-3 - -25 - -32 - 93)?
-30
What is 24 - (47 + -23)